34/(-2)*(-8)/u. Calculate the greatest common divisor of 17 and c.
17
Let g = 424 + -270. Suppose 0 = -j - 141 + 155. What is the greatest common divisor of j and g?
14
Suppose -3*m = 6, -2*r = 11*m - 9*m - 780. What is the highest common factor of 224 and r?
56
Let s = 1185 + -1024. Calculate the highest common factor of s and 207.
23
Suppose 11*k - 7*k - 3*h - 413 = 0, -5*h + 346 = 3*k. What is the greatest common divisor of 4066 and k?
107
Let j = 105 + 103. What is the highest common divisor of 48 and j?
16
Suppose 82 - 6 = v. Let z(t) = 13*t**2 + 4*t - 3. Let y be z(2). What is the highest common factor of v and y?
19
Let n be (10 - -5)*6/15. Let o be -4*(-2)/(16/n). Calculate the highest common factor of o and 24.
3
Let o(t) = -t**3 + 17*t**2 + 29*t + 75. Let q be o(16). Calculate the highest common factor of 318 and q.
159
Let o be 29 + (-4 - -9 - 8*1). Let w be (-8 - 2)*(-13)/2. What is the highest common divisor of w and o?
13
Let v(q) = -4*q + 39. Let j be v(-20). Let d = 6 - -11. Calculate the highest common factor of d and j.
17
Suppose -5*b - 12 + 7 = 0, 522 = 5*t - 2*b. Calculate the highest common factor of t and 16.
8
Let o(i) = -7*i**2 - 33*i + 6. Let d be o(-3). What is the highest common factor of d and 252?
42
Let t(j) = -6*j - 3. Let p be t(-7). Calculate the highest common divisor of 96 and p.
3
Let p be (-7)/(70/4) - (-87507)/105. Calculate the highest common factor of p and 51.
17
Suppose -3*m + 22 = -5*w, -4*m - 2*w + 5*w = -22. Suppose 0 = 14*d + 213 - 1445. What is the highest common divisor of m and d?
4
Suppose 2*s - 45 = -5*j, 5*s + 29 = j - 7. Calculate the greatest common divisor of 33 and j.
11
Let m(n) = 2*n**2 - 2*n + 4. Let j be m(2). Suppose j = 6*y - 4*y. What is the greatest common factor of y and 28?
4
Let q be 3966/15 + 9/15. Calculate the greatest common factor of 53 and q.
53
Suppose 67 = 3*m + 4. What is the greatest common factor of 63 and m?
21
Let y(w) = -5*w**3 - 2*w**2 - 2*w - 1. Let v be y(-1). Let z(d) = -345*d - 2026. Let j be z(-6). What is the highest common factor of j and v?
4
Let r = 22 + -24. Let v be 4*(r*6)/(-2). Suppose i = -i + v. What is the highest common divisor of 24 and i?
12
Suppose j = -2*j. Suppose 4*v - 20 = 0, j = -5*r - 0*v + 2*v - 10795. Let c be 3/9 - r/9. What is the highest common divisor of c and 30?
30
Suppose d - 40 = -d. Suppose 10 + d = c. Suppose m = -m + c. What is the greatest common divisor of m and 5?
5
Let p be (-2 + 130)*((-7)/(-7) - 0). What is the highest common divisor of p and 16?
16
Suppose 0*d + 2*q = -d + 101, 0 = -5*q + 5. Let m be ((-14)/(-6))/((-9)/(-27)). Suppose -n = -2 - m. What is the greatest common divisor of n and d?
9
Let g(f) = f**3 + f**2 - f + 4. Let y be g(0). Suppose 4*o + 12 = o, u = -2*o + 20. Calculate the highest common divisor of u and y.
4
Let h be (6/(-2))/((-6)/(-44)). Let l = -14 - h. Suppose 72 = 84*m - 75*m. What is the greatest common divisor of l and m?
8
Suppose 0 = -8*k - 107 + 555. Calculate the greatest common divisor of k and 40.
8
Let y = -1142 - -1265. What is the highest common factor of y and 984?
123
Let n be (-210)/45*(-6)/4. Suppose 83 - 286 = -n*s. Calculate the highest common divisor of 261 and s.
29
Let f(d) = 39*d + 35. Let j be f(7). Suppose -2*s + 13 + 43 = 0. Calculate the greatest common factor of j and s.
28
Let g(v) = -9*v - 26. Let n be g(-6). What is the highest common divisor of n and 7?
7
Let v be ((-1)/(25/10))/(1/(-40)). What is the greatest common divisor of 144 and v?
16
Let s = 14 + -14. Suppose s = 5*x + 3*r - 120, -2*r - 5 = -15. Let t be (-2 + (-156)/(-15))*5. What is the greatest common factor of x and t?
21
Let s(u) = u**3 - 3*u**2 + u + 5. Let n be s(4). Suppose -3*k + 5*b = 53, 0*k + b = 2*k + 26. Let d = k + 21. Calculate the greatest common divisor of n and d.
5
Let g be (6 - 4)/(516/(-518) + 1). Suppose b + 356 = 2*w - b, -g = -3*w - 5*b. What is the greatest common divisor of 22 and w?
22
Let a be 8/20 - 16/(-10). Let r be ((-2)/3)/(a/9). Let y be 172/12 + r/9. What is the greatest common divisor of 2 and y?
2
Suppose 0 = g - 3*g + 4*t + 92, -3*t = 2*g - 85. Suppose -i + 74 = 5*x, 6*x = 2*x + 3*i + g. Calculate the highest common divisor of x and 7.
7
Let o be -2 + 0/4 - -6. Suppose 4*u = 2*u + o, 2*d = -3*u + 62. Suppose 8*i = 6*i + 14. Calculate the greatest common factor of i and d.
7
Let n(z) = -z + 35. Let t be n(-3). Calculate the greatest common factor of 494 and t.
38
Let t = -69 + 528. What is the greatest common divisor of t and 34?
17
Let w(z) = -19*z**2 - 2*z - 9. Let h be w(-4). Let u = -177 - h. What is the greatest common factor of 16 and u?
16
Suppose 3*n - 7*f = -3*f + 2359, -3*n = -f - 2374. What is the greatest common divisor of 61 and n?
61
Let t be (-7)/(-28) + 1113/12. Let q = -28 + t. Calculate the greatest common factor of 13 and q.
13
Suppose 3 = 2*d - 3. Calculate the highest common divisor of 6 and d.
3
Let i(w) = w**2 + 23*w - 38. Let u be i(-25). Suppose -u*a = 977 - 2561. Calculate the greatest common divisor of 12 and a.
12
Let w be 7 + 0 + (-2 + 3)*-3. Calculate the highest common divisor of w and 3.
1
Suppose -216 = -2*q - 2*q + 5*m, -2*q + 5*m = -108. Suppose 0 = -5*u - 2*b + 407, 4*u - b + 2*b = 325. Calculate the highest common factor of u and q.
27
Let x = 4 + 11. Suppose -2*q + 12 = -p - 1, -3*p - x = 2*q. Let g(j) = -j**2 - 9*j + 8. Let b be g(p). What is the highest common factor of 154 and b?
22
Let j(u) = 48*u - 4. Let v be j(3). Let x = 14 - 23. Let a be (-254)/x - (-4)/(-18). What is the highest common divisor of a and v?
28
Suppose -a = -5*a + 32. Let x(o) = -o**3 - 8*o**2 + 7. Suppose 3*k + 9 = 0, -b - 2*k = 9 + 6. Let d be x(b). What is the highest common divisor of a and d?
8
Suppose -b + 50 + 6 = 0. Let w = 10 - -4. Calculate the highest common divisor of b and w.
14
Suppose 0*y - 25 = -y. Let c(p) = 11*p**2 - p + 50. Let r be c(0). What is the highest common divisor of y and r?
25
Suppose 0 = 4*n + 7 - 27. Calculate the greatest common divisor of 70 and n.
5
Let s(m) = -4*m**3 - 4*m**2 + 4*m - 2. Let k be s(-4). Suppose 13*c - k = 255. What is the greatest common factor of c and 22?
11
Let o(y) = -y**2 + 9*y - 9. Let t be o(8). Let p(i) = -46*i - 1. Let m be p(t). Calculate the greatest common divisor of 18 and m.
9
Let r be (-1)/(572/144 - 4). What is the highest common divisor of 9 and r?
9
Let c be ((-1080)/2)/(-12)*(-16)/(-10). Suppose 3*g + 21 = 3*q + 6*g, 4 = -2*g. Let x = q - 0. Calculate the greatest common divisor of c and x.
9
Let a(v) = -v**2 - 10*v + 7. Let r be a(-8). Let z = 28 - r. Suppose z*p - 153 = -28. What is the greatest common factor of p and 200?
25
Let z = 2116 + -873. Calculate the greatest common divisor of z and 22.
11
Suppose 4*r + r = 20. Suppose -5 + 17 = r*q. Suppose -3*h - 2*j = -8 - 1, 9 = 3*h - q*j. Calculate the highest common factor of 9 and h.
3
Suppose -2*t - 4*t = -18. Suppose -9 = -8*l + 39. Calculate the greatest common divisor of t and l.
3
Let p be (-212)/(-2) - (-3 - -7). Calculate the greatest common divisor of p and 1054.
34
Let k(v) = v**3 - 8*v**2 - 4*v + 3. Let m be k(9). Suppose 2*a - m - 210 = 0. Let y = a - 64. Calculate the greatest common divisor of y and 26.
13
Let y(a) = -a**2 + 4*a + 1. Suppose 18 = 14*j - 24. Let s be y(j). What is the greatest common factor of 3 and s?
1
Suppose -5*b + 0*b = -5, 5*b = h - 79. Calculate the highest common factor of 210 and h.
42
Let q(m) = -m**3 - 28*m**2 - m - 13. Let n be q(-28). What is the greatest common factor of n and 615?
15
Let a be 1 + -2 - (-7 + 2). Suppose 0 = 3*z - 25 - 14. Let u be (-2 + z)*(a - 2). Calculate the highest common factor of 154 and u.
22
Let k(q) = -q**2 + 18*q - 6. Let x be k(24). Let n be (18/15)/(5/(x/(-9))). Calculate the greatest common factor of n and 10.
2
Let i(q) = 5*q**2 - 3*q - 3. Let z = 6 - 8. Let d be i(z). Let m = 146 + -54. What is the greatest common factor of m and d?
23
Let a = -121 - -140. What is the highest common factor of 19 and a?
19
Suppose 4*r = 4*t - 304, 5*r + 149 + 150 = 4*t. Let o(z) = -2*z**3 - 17*z**2 + 7*z - 9. Let i be o(-9). Calculate the highest common factor of i and t.
9
Suppose 2*n = t - 10, -n + 0*t - t - 11 = 0. Let g = 0 - n. Suppose a + 5*u = 7, a - g = -0*a - 3*u.